{"id":4199,"date":"2026-01-06T22:33:36","date_gmt":"2026-01-06T21:33:36","guid":{"rendered":"https:\/\/www.scaleinalluminio.it\/pedane2\/?page_id=4199"},"modified":"2026-01-08T14:25:02","modified_gmt":"2026-01-08T13:25:02","slug":"pedane","status":"publish","type":"page","link":"https:\/\/www.scaleinalluminio.it\/pedane\/","title":{"rendered":"Pedane e piattaforme in alluminio"},"content":{"rendered":"<div class=\"woocommerce columns-3\"><ul class=\"products columns-3\">\n<li class=\"product-category product first\">\n\t<h3>Ha una portata complessiva di 250 kg ed una piattaforma di larghezza mm 425 che permettono a due operatori di lavorare contemporaneamente.<\/h3><\/li>\n<li class=\"product-category product\">\n\t<h3>Realizzato in alluminio anodizzato anti-macchia\r\nPiattaforma larga 30 cm. con superficie anti-scivolo\r\nGradino profondo 40 mm.\r\nRipiegabile con cerniere in acciaio verniciato e blocco di sicurezza<\/h3><\/li>\n<li class=\"product-category product last\">\n\t<h3>Piattaforma di lavoro perfetta per lavori continui in bassa quota grazie alla lunghezza della sua pedana di varie misure. Ideale per i carrozzieri, imbianchini, muratori, giardinieri etc. etc...\r\nI gradini laterali sono richiudibili per consentire il trasporto con il minimo ingombro.\r\nLa scala \u00e8 dotata di ganci per chiusura di sicurezza<\/h3><\/li>\n<li class=\"product-category product first\">\n\t<h3>Piattaforma pieghevole con telaio in alluminio e superficie in legno trattato in resina impermeabile e anti-macchia con anti-scivolo a rilievo efficace anche in presenza di acqua\r\nGradino anti-scivolo profondo mm. 83 unito al montante mediante robusta saldatura ad angolo nascosta alla vista\r\nMontante scatolato a doppia anima mm. 80 x 23<\/h3><\/li>\n<li class=\"product-category product\">\n\t<h3>In alluminio a doppia salita, ripiegabile\r\nTRASFORMABILE IN SCALA\r\nPiano di carico ad altezza regolabile con uso \u00abzoppo\u00bb\r\ntrasformabile in scala da appoggio\r\n\u00ab Superficie di calpestio amovibile realizzata in legno\r\ntrattato resina anti-scivolo, anti-macchia e impermeabile\r\n\u00ab Piolo quadrato mm. 30 x 30 con anti-scivolo<\/h3><\/li>\n<li class=\"product-category product last\">\n\t<h3>Piattaforma pieghevole con telaio in alluminio e superficie in legno trattato con resina impermeabile e anti-macchia; con anti-scivolo a rilievo efficace anche in presenza di acqua\r\nGradino anti-scivolo profondo mm. 83 unito al montante mediante robusta saldatura ad angolo nascosta alla vista<\/h3><\/li>\n<li class=\"product-category product first\">\n\t<h3>PIATTAFORMA TELESCOPICA DUAL \u00e8 dotata di una struttura solida e stabile ed offre un'ampia area di movimento in piattaforma ed elevata accessibilit\u00e0. Pu\u00f2 scavalcare oggetti, manufatti consentendo all'operatore di lavorare sopra linee di produzione. Pu\u00f2 anche lavorare zoppa su scalinate. Grazie alla sua struttura telescopica pu\u00f2 essere utilizzata a 2 diverse altezze.<\/h3><\/li>\n<li class=\"product-category product\">\n\t<h3>Sgabello in alluminio estruso nervato per uso professionale. Robusto e\r\nrichiudibile con cerniera e blocco automatico di sicurezza, \u00e9 dotato di\r\npiano di calpestio in legno fenolico antisdrucciolo verniciato e resistente\r\nalle intemperie. Dotato di asola di presa per il trasporto.<\/h3><\/li>\n<\/ul>\n<\/div>\n","protected":false},"excerpt":{"rendered":"","protected":false},"author":1,"featured_media":0,"parent":0,"menu_order":0,"comment_status":"closed","ping_status":"closed","template":"","meta":{"footnotes":""},"class_list":["post-4199","page","type-page","status-publish","hentry"],"_links":{"self":[{"href":"https:\/\/www.scaleinalluminio.it\/pedane\/wp-json\/wp\/v2\/pages\/4199","targetHints":{"allow":["GET"]}}],"collection":[{"href":"https:\/\/www.scaleinalluminio.it\/pedane\/wp-json\/wp\/v2\/pages"}],"about":[{"href":"https:\/\/www.scaleinalluminio.it\/pedane\/wp-json\/wp\/v2\/types\/page"}],"author":[{"embeddable":true,"href":"https:\/\/www.scaleinalluminio.it\/pedane\/wp-json\/wp\/v2\/users\/1"}],"replies":[{"embeddable":true,"href":"https:\/\/www.scaleinalluminio.it\/pedane\/wp-json\/wp\/v2\/comments?post=4199"}],"version-history":[{"count":5,"href":"https:\/\/www.scaleinalluminio.it\/pedane\/wp-json\/wp\/v2\/pages\/4199\/revisions"}],"predecessor-version":[{"id":4333,"href":"https:\/\/www.scaleinalluminio.it\/pedane\/wp-json\/wp\/v2\/pages\/4199\/revisions\/4333"}],"wp:attachment":[{"href":"https:\/\/www.scaleinalluminio.it\/pedane\/wp-json\/wp\/v2\/media?parent=4199"}],"curies":[{"name":"wp","href":"https:\/\/api.w.org\/{rel}","templated":true}]}}